{"id":54,"date":"2016-09-20T17:23:29","date_gmt":"2016-09-20T17:23:29","guid":{"rendered":"http:\/\/demo.presslayouts.com\/emallshop\/default\/?page_id=54"},"modified":"2024-03-13T15:09:13","modified_gmt":"2024-03-13T18:09:13","slug":"contact-us-3-2","status":"publish","type":"page","link":"https:\/\/rainhadogesso.com.br\/catalogo\/contact-us-3-2\/","title":{"rendered":"Contatos &#038; Localiza\u00e7\u00e3o Rainha do Gesso"},"content":{"rendered":"<p>[vc_row][vc_column width=&#8221;1\/2&#8243;][vc_custom_heading text=&#8221;Rainha do Gesso no Mapa&#8221; use_theme_fonts=&#8221;yes&#8221;][vc_gmaps link=&#8221;#E-8_JTNDaWZyYW1lJTIwc3JjJTNEJTIyaHR0cHMlM0ElMkYlMkZ3d3cuZ29vZ2xlLmNvbSUyRm1hcHMlMkZlbWJlZCUzRnBiJTNEJTIxMW0xOCUyMTFtMTIlMjExbTMlMjExZDM4MzguMDUzMDc4NDEwNTYwNCUyMTJkLTQ4LjAzMzAzNDI4NTE0NDE2JTIxM2QtMTUuODUzODA3Mzg5MDE0MzYyJTIxMm0zJTIxMWYwJTIxMmYwJTIxM2YwJTIxM20yJTIxMWkxMDI0JTIxMmk3NjglMjE0ZjEzLjElMjEzbTMlMjExbTIlMjExczB4MCUyNTNBMHgwJTIxMnpNVFhDc0RVeEp6RXpMamNpVXlBME9NS3dNREVuTlRFdU1DSlglMjE1ZTAlMjEzbTIlMjExc3B0LUJSJTIxMnNiciUyMTR2MTYyMjIzMDE1Mjc0OCUyMTVtMiUyMTFzcHQtQlIlMjEyc2JyJTIyJTIwd2lkdGglM0QlMjI0MDAlMjIlMjBoZWlnaHQlM0QlMjIyNTAlMjIlMjBzdHlsZSUzRCUyMmJvcmRlciUzQTAlM0IlMjIlMjBhbGxvd2Z1bGxzY3JlZW4lM0QlMjIlMjIlMjBsb2FkaW5nJTNEJTIybGF6eSUyMiUzRSUzQyUyRmlmcmFtZSUzRQ==&#8221;][\/vc_column][vc_column width=&#8221;1\/2&#8243;][vc_custom_heading text=&#8221;Endere\u00e7o Rainha do Gesso&#8221; use_theme_fonts=&#8221;yes&#8221;][vc_empty_space height=&#8221;40px&#8221;][vc_column_text]<strong>Endere\u00e7o:<\/strong> Setor SHA Conjunto 6 Ch\u00e1cara 463 Lote D, S\/N<\/p>\n<p><strong>Bairro:<\/strong> Setor Habitacional Arniqueira &#8211; \u00c1guas Claras &#8211; Bras\u00edlia &#8211; DF<\/p>\n<p><strong>Complemento:<\/strong> Parte A: Vereda Cruz &#8211; CEP: 71.996-350<\/p>\n<p><strong>Central de atendimento:<\/strong> (61) 3021-0579<\/p>\n<p><strong>WhatsApp corporativo para d\u00favidas e cota\u00e7\u00f5es:<\/strong> (61) 98376-1390<\/p>\n<p><strong>Email:<\/strong> financeiro@rainhadogesso.com.br[\/vc_column_text][\/vc_column][\/vc_row][vc_row][vc_column][\/vc_column][\/vc_row]<\/p>\n","protected":false},"excerpt":{"rendered":"<p>[vc_row][vc_column width=&#8221;1\/2&#8243;][vc_custom_heading text=&#8221;Rainha do Gesso no Mapa&#8221; use_theme_fonts=&#8221;yes&#8221;][vc_gmaps link=&#8221;#E-8_JTNDaWZyYW1lJTIwc3JjJTNEJTIyaHR0cHMlM0ElMkYlMkZ3d3cuZ29vZ2xlLmNvbSUyRm1hcHMlMkZlbWJlZCUzRnBiJTNEJTIxMW0xOCUyMTFtMTIlMjExbTMlMjExZDM4MzguMDUzMDc4NDEwNTYwNCUyMTJkLTQ4LjAzMzAzNDI4NTE0NDE2JTIxM2QtMTUuODUzODA3Mzg5MDE0MzYyJTIxMm0zJTIxMWYwJTIxMmYwJTIxM2YwJTIxM20yJTIxMWkxMDI0JTIxMmk3NjglMjE0ZjEzLjElMjEzbTMlMjExbTIlMjExczB4MCUyNTNBMHgwJTIxMnpNVFhDc0RVeEp6RXpMamNpVXlBME9NS3dNREVuTlRFdU1DSlglMjE1ZTAlMjEzbTIlMjExc3B0LUJSJTIxMnNiciUyMTR2MTYyMjIzMDE1Mjc0OCUyMTVtMiUyMTFzcHQtQlIlMjEyc2JyJTIyJTIwd2lkdGglM0QlMjI0MDAlMjIlMjBoZWlnaHQlM0QlMjIyNTAlMjIlMjBzdHlsZSUzRCUyMmJvcmRlciUzQTAlM0IlMjIlMjBhbGxvd2Z1bGxzY3JlZW4lM0QlMjIlMjIlMjBsb2FkaW5nJTNEJTIybGF6eSUyMiUzRSUzQyUyRmlmcmFtZSUzRQ==&#8221;][\/vc_column][vc_column width=&#8221;1\/2&#8243;][vc_custom_heading text=&#8221;Endere\u00e7o Rainha do Gesso&#8221; use_theme_fonts=&#8221;yes&#8221;][vc_empty_space height=&#8221;40px&#8221;][vc_column_text]Endere\u00e7o: Setor SHA Conjunto 6 Ch\u00e1cara 463 Lote D, S\/N Bairro: Setor Habitacional Arniqueira &#8211; \u00c1guas Claras &#8211; Bras\u00edlia &#8211; DF Complemento: Parte A: Vereda Cruz &#8211; CEP: 71.996-350 Central de atendimento: (61) 3021-0579 WhatsApp corporativo para d\u00favidas e cota\u00e7\u00f5es: &hellip; <a href=\"https:\/\/rainhadogesso.com.br\/catalogo\/contact-us-3-2\/\" class=\"more-link\">Read more<\/a><\/p>\n","protected":false},"author":1,"featured_media":0,"parent":0,"menu_order":0,"comment_status":"closed","ping_status":"closed","template":"","meta":[],"_links":{"self":[{"href":"https:\/\/rainhadogesso.com.br\/catalogo\/wp-json\/wp\/v2\/pages\/54"}],"collection":[{"href":"https:\/\/rainhadogesso.com.br\/catalogo\/wp-json\/wp\/v2\/pages"}],"about":[{"href":"https:\/\/rainhadogesso.com.br\/catalogo\/wp-json\/wp\/v2\/types\/page"}],"author":[{"embeddable":true,"href":"https:\/\/rainhadogesso.com.br\/catalogo\/wp-json\/wp\/v2\/users\/1"}],"replies":[{"embeddable":true,"href":"https:\/\/rainhadogesso.com.br\/catalogo\/wp-json\/wp\/v2\/comments?post=54"}],"version-history":[{"count":1,"href":"https:\/\/rainhadogesso.com.br\/catalogo\/wp-json\/wp\/v2\/pages\/54\/revisions"}],"predecessor-version":[{"id":27082,"href":"https:\/\/rainhadogesso.com.br\/catalogo\/wp-json\/wp\/v2\/pages\/54\/revisions\/27082"}],"wp:attachment":[{"href":"https:\/\/rainhadogesso.com.br\/catalogo\/wp-json\/wp\/v2\/media?parent=54"}],"curies":[{"name":"wp","href":"https:\/\/api.w.org\/{rel}","templated":true}]}}