{"id":26058,"date":"2018-09-19T09:20:50","date_gmt":"2018-09-19T12:20:50","guid":{"rendered":"http:\/\/rainhadogesso.com.br\/catalogo\/index.php\/product\/fita-tela-para-drywall\/"},"modified":"2022-11-11T11:51:28","modified_gmt":"2022-11-11T14:51:28","slug":"fita-tela-para-drywall","status":"publish","type":"product","link":"https:\/\/rainhadogesso.com.br\/catalogo\/shop\/sistema-drywall\/fita-tela-para-drywall\/","title":{"rendered":"Fita telada"},"content":{"rendered":"<p>Medidas:\u00a0<strong>90mts<\/strong><\/p>\n<p>&nbsp;<\/p>\n<p><em>A fita telada \u00e9 composta de fios de fibra de vidro entrela\u00e7ados formando uma malha, sendo uma das faces autoadesiva.<\/em> <em>\u00c9 utilizada no tratamento de juntas entre as placas de gesso em paredes ou tetos, a fim de se manter a estabilidade do acabamento final, evitando trincas ou fissuras.<\/em><\/p>\n<p><em>Aplica\u00e7\u00e3o:<\/em><\/p>\n<p>&nbsp;<\/p>\n<p><em>A fita telada deve ser aplicada diretamente sobre a uni\u00e3o das chapas, j\u00e1 que \u00e9 autoadesiva e em seguida deve-se passar sobre esta, uma ou duas camadas de massa para acabamento.<\/em><\/p>\n<p><strong>\u00a0<\/strong><\/p>\n","protected":false},"excerpt":{"rendered":"<p>[vc_btn title=&#8221;Solicitar Or\u00e7amento&#8221; style=&#8221;3d&#8221; color=&#8221;info&#8221; size=&#8221;lg&#8221; link=&#8221;url:http%3A%2F%2Frainhadogesso.com.br%2Fcatalogo%2Fsolicitar-orcamento|||&#8221;]<\/p>\n","protected":false},"featured_media":26059,"comment_status":"open","ping_status":"closed","template":"","meta":[],"_links":{"self":[{"href":"https:\/\/rainhadogesso.com.br\/catalogo\/wp-json\/wp\/v2\/product\/26058"}],"collection":[{"href":"https:\/\/rainhadogesso.com.br\/catalogo\/wp-json\/wp\/v2\/product"}],"about":[{"href":"https:\/\/rainhadogesso.com.br\/catalogo\/wp-json\/wp\/v2\/types\/product"}],"replies":[{"embeddable":true,"href":"https:\/\/rainhadogesso.com.br\/catalogo\/wp-json\/wp\/v2\/comments?post=26058"}],"wp:featuredmedia":[{"embeddable":true,"href":"https:\/\/rainhadogesso.com.br\/catalogo\/wp-json\/wp\/v2\/media\/26059"}],"wp:attachment":[{"href":"https:\/\/rainhadogesso.com.br\/catalogo\/wp-json\/wp\/v2\/media?parent=26058"}],"curies":[{"name":"wp","href":"https:\/\/api.w.org\/{rel}","templated":true}]}}