{"id":26250,"date":"2019-04-24T09:47:03","date_gmt":"2019-04-24T12:47:03","guid":{"rendered":"http:\/\/rainhadogesso.com.br\/catalogo\/?post_type=product&#038;p=26250"},"modified":"2022-11-11T11:42:02","modified_gmt":"2022-11-11T14:42:02","slug":"la-de-rocha","status":"publish","type":"product","link":"https:\/\/rainhadogesso.com.br\/catalogo\/shop\/isolamento\/la-de-rocha\/","title":{"rendered":"L\u00e3 de Rocha"},"content":{"rendered":"<p><strong>Medidas: 1,35&#215;0,60x40mm\/1,35&#215;0,60x50mm<\/strong><\/p>\n<p>&nbsp;<\/p>\n<p>S\u00e3o indicados para tratamentos e isolamentos ac\u00fasticos ou t\u00e9rmicos para a constru\u00e7\u00e3o civil e ind\u00fastria.<\/p>\n<p>Dimens\u00f5es do Painel: 1200x600x50mm<\/p>\n<p><strong>Dimens\u00f5es do Pacote: 1200x600x300mm <\/strong><\/p>\n","protected":false},"excerpt":{"rendered":"<p>[vc_btn title=&#8221;Solicitar Or\u00e7amento&#8221; style=&#8221;3d&#8221; color=&#8221;info&#8221; size=&#8221;lg&#8221; link=&#8221;url:http%3A%2F%2Frainhadogesso.com.br%2Fcatalogo%2Fsolicitar-orcamento|||&#8221;]<\/p>\n","protected":false},"featured_media":27079,"comment_status":"open","ping_status":"closed","template":"","meta":[],"_links":{"self":[{"href":"https:\/\/rainhadogesso.com.br\/catalogo\/wp-json\/wp\/v2\/product\/26250"}],"collection":[{"href":"https:\/\/rainhadogesso.com.br\/catalogo\/wp-json\/wp\/v2\/product"}],"about":[{"href":"https:\/\/rainhadogesso.com.br\/catalogo\/wp-json\/wp\/v2\/types\/product"}],"replies":[{"embeddable":true,"href":"https:\/\/rainhadogesso.com.br\/catalogo\/wp-json\/wp\/v2\/comments?post=26250"}],"wp:featuredmedia":[{"embeddable":true,"href":"https:\/\/rainhadogesso.com.br\/catalogo\/wp-json\/wp\/v2\/media\/27079"}],"wp:attachment":[{"href":"https:\/\/rainhadogesso.com.br\/catalogo\/wp-json\/wp\/v2\/media?parent=26250"}],"curies":[{"name":"wp","href":"https:\/\/api.w.org\/{rel}","templated":true}]}}