{"id":26330,"date":"2019-04-24T12:52:33","date_gmt":"2019-04-24T15:52:33","guid":{"rendered":"http:\/\/rainhadogesso.com.br\/catalogo\/?post_type=product&#038;p=26330"},"modified":"2022-11-11T11:36:41","modified_gmt":"2022-11-11T14:36:41","slug":"cx-passagem-4x2","status":"publish","type":"product","link":"https:\/\/rainhadogesso.com.br\/catalogo\/shop\/pintura-acabamento\/cx-passagem-4x2\/","title":{"rendered":"MASSA DRYWALL ANTIFISSURA RF 3600kg"},"content":{"rendered":"<p><strong>RF 3,6 LTS<br \/>\n<\/strong><br \/>\nMassa Drywall Resistente ao Fogo com alto coeficiente em elasticidade para uso interno.<\/p>\n<p>Possui um sistema de retra\u00e7\u00e3o da umidade que armazena part\u00edculas de \u00c1gua, que ao entrar em contato com o calor das chamas v\u00e3o sendo dissipadas, proporcionando uma resist\u00eancia maior a degrada\u00e7\u00e3o \u00a0\u00a0causada pelo fogo.<\/p>\n<p>O que?<\/p>\n<p>Massa acr\u00edlica utilizada para rejunte interno de placas do sistema Drywall, proporcionando um melhor acabamento est\u00e9tico.<\/p>\n<p>Qual a diferen\u00e7a?<\/p>\n<p>Alta ader\u00eancia, incorpora a fita ao sistema.<\/p>\n","protected":false},"excerpt":{"rendered":"<p>[vc_btn title=&#8221;Solicitar Or\u00e7amento&#8221; style=&#8221;3d&#8221; color=&#8221;info&#8221; size=&#8221;lg&#8221; link=&#8221;url:http%3A%2F%2Frainhadogesso.com.br%2Fcatalogo%2Fsolicitar-orcamento|||&#8221;]<\/p>\n","protected":false},"featured_media":26845,"comment_status":"open","ping_status":"closed","template":"","meta":[],"_links":{"self":[{"href":"https:\/\/rainhadogesso.com.br\/catalogo\/wp-json\/wp\/v2\/product\/26330"}],"collection":[{"href":"https:\/\/rainhadogesso.com.br\/catalogo\/wp-json\/wp\/v2\/product"}],"about":[{"href":"https:\/\/rainhadogesso.com.br\/catalogo\/wp-json\/wp\/v2\/types\/product"}],"replies":[{"embeddable":true,"href":"https:\/\/rainhadogesso.com.br\/catalogo\/wp-json\/wp\/v2\/comments?post=26330"}],"wp:featuredmedia":[{"embeddable":true,"href":"https:\/\/rainhadogesso.com.br\/catalogo\/wp-json\/wp\/v2\/media\/26845"}],"wp:attachment":[{"href":"https:\/\/rainhadogesso.com.br\/catalogo\/wp-json\/wp\/v2\/media?parent=26330"}],"curies":[{"name":"wp","href":"https:\/\/api.w.org\/{rel}","templated":true}]}}