{"id":26362,"date":"2019-04-24T13:42:23","date_gmt":"2019-04-24T16:42:23","guid":{"rendered":"http:\/\/rainhadogesso.com.br\/catalogo\/?post_type=product&#038;p=26362"},"modified":"2022-11-11T11:35:45","modified_gmt":"2022-11-11T14:35:45","slug":"massa-para-tratamento-5kg","status":"publish","type":"product","link":"https:\/\/rainhadogesso.com.br\/catalogo\/shop\/pintura-acabamento\/massa-para-tratamento-5kg\/","title":{"rendered":"MASSA DE TRATAMENTO\/ACABAMENTO DE JUNTO BRASILIT"},"content":{"rendered":"<p>A Massa para Tratamento de junta de Placa Ciment\u00edcia Brasilit \u00e9 um dos componentes comercializados para utiliza\u00e7\u00e3o no tratamento dos espa\u00e7amentos entre placas ciment\u00edcias impermeabilizadas Brasilit em sistemas construtivos conhecidos como \u201csteel framing\u201d. Ela \u00e9 composta por uma mistura de resina acr\u00edlica e copol\u00edmeros, carga mineral, fibras de refor\u00e7o sint\u00e9ticas a base de polipropileno (PP), aditivos reol\u00f3gicos e \u00e1gua.<\/p>\n","protected":false},"excerpt":{"rendered":"<p>[vc_btn title=&#8221;Solicitar Or\u00e7amento&#8221; style=&#8221;3d&#8221; color=&#8221;info&#8221; size=&#8221;lg&#8221; link=&#8221;url:http%3A%2F%2Frainhadogesso.com.br%2Fcatalogo%2Fsolicitar-orcamento|||&#8221;]<\/p>\n","protected":false},"featured_media":26363,"comment_status":"open","ping_status":"closed","template":"","meta":[],"_links":{"self":[{"href":"https:\/\/rainhadogesso.com.br\/catalogo\/wp-json\/wp\/v2\/product\/26362"}],"collection":[{"href":"https:\/\/rainhadogesso.com.br\/catalogo\/wp-json\/wp\/v2\/product"}],"about":[{"href":"https:\/\/rainhadogesso.com.br\/catalogo\/wp-json\/wp\/v2\/types\/product"}],"replies":[{"embeddable":true,"href":"https:\/\/rainhadogesso.com.br\/catalogo\/wp-json\/wp\/v2\/comments?post=26362"}],"wp:featuredmedia":[{"embeddable":true,"href":"https:\/\/rainhadogesso.com.br\/catalogo\/wp-json\/wp\/v2\/media\/26363"}],"wp:attachment":[{"href":"https:\/\/rainhadogesso.com.br\/catalogo\/wp-json\/wp\/v2\/media?parent=26362"}],"curies":[{"name":"wp","href":"https:\/\/api.w.org\/{rel}","templated":true}]}}