{"id":27011,"date":"2022-08-02T11:44:09","date_gmt":"2022-08-02T14:44:09","guid":{"rendered":"https:\/\/rainhadogesso.com.br\/catalogo\/?post_type=product&#038;p=27011"},"modified":"2022-11-11T10:43:06","modified_gmt":"2022-11-11T13:43:06","slug":"forro-acustico-sierra-op","status":"publish","type":"product","link":"https:\/\/rainhadogesso.com.br\/catalogo\/shop\/forro-removivel\/forro-acustico-sierra-op\/","title":{"rendered":"FORRO AC\u00daSTICO SIERRA OP"},"content":{"rendered":"<div>O forro Sierra Open Plan (antigo Alpina OP) apresenta uma superf\u00edcie muito lisa e textura fina, utilizando a \u00faltima gera\u00e7\u00e3o da tecnologia Armstrong para proporcionar altos n\u00edveis de absor\u00e7\u00e3o do som.<\/div>\n<div><\/div>\n<div>\n<h2>Aplica\u00e7\u00f5es:<\/h2>\n<\/div>\n<div>Audit\u00f3rios<\/div>\n<div>Call centers<\/div>\n<div>Consult\u00f3rios e quartos de hospitais<\/div>\n<div>Lobbies<\/div>\n<div>Corredores<\/div>\n<div>Escrit\u00f3rios<\/div>\n<div>Bancos<\/div>\n<div>Salas de Teleconfer\u00eancia<\/div>\n<div>Salas de Reuni\u00e3o<\/div>\n<div><\/div>\n<div>\n<h2>Material\/acabamento:<\/h2>\n<\/div>\n<div>Fibra mineral modelada \u00famida com membrana acusticamente transparente, aplica\u00e7\u00e3o de tinta vin\u00edlica a base de l\u00e1tex e aplica\u00e7\u00e3o de Bioblock Plus.<\/div>\n<div><\/div>\n<div>Cor: Branco<\/div>\n<div>Borda: Lay-in e Tegular<\/div>\n<div><\/div>\n<div>\n<h3>Informa\u00e7\u00f5es T\u00e9cnicas:<\/h3>\n<\/div>\n<div>NRC: 0,90<\/div>\n<div>CAC: 26 \u2013 29<\/div>\n<div>SRA:0,90<\/div>\n<div>Resist\u00eancia ao fogo: Classe A<\/div>\n<div>Reflet\u00e2ncia luminosa: 0,85<\/div>\n<div>Coeficiente t\u00e9rmico: K:0,06 w\/m\u00b0C<\/div>\n<div>Resist\u00eancia a deforma\u00e7\u00e3o: RH 95 \u2013 49\u00b0<\/div>\n<div>Garantia: 10 anos \u2013 Placas \/ 30 anos placas com perfil Armstrong<\/div>\n<div>Sistema de Suspens\u00e3o: T24<\/div>\n<div>Peso: 3,7 Kg \/ M\u00b2<\/div>\n","protected":false},"excerpt":{"rendered":"<p>[vc_btn title=&#8221;Solicitar Or\u00e7amento&#8221; style=&#8221;3d&#8221; color=&#8221;info&#8221; size=&#8221;lg&#8221; link=&#8221;url:http%3A%2F%2Frainhadogesso.com.br%2Fcatalogo%2Fsolicitar-orcamento|||&#8221;]<\/p>\n","protected":false},"featured_media":27012,"comment_status":"open","ping_status":"closed","template":"","meta":[],"_links":{"self":[{"href":"https:\/\/rainhadogesso.com.br\/catalogo\/wp-json\/wp\/v2\/product\/27011"}],"collection":[{"href":"https:\/\/rainhadogesso.com.br\/catalogo\/wp-json\/wp\/v2\/product"}],"about":[{"href":"https:\/\/rainhadogesso.com.br\/catalogo\/wp-json\/wp\/v2\/types\/product"}],"replies":[{"embeddable":true,"href":"https:\/\/rainhadogesso.com.br\/catalogo\/wp-json\/wp\/v2\/comments?post=27011"}],"wp:featuredmedia":[{"embeddable":true,"href":"https:\/\/rainhadogesso.com.br\/catalogo\/wp-json\/wp\/v2\/media\/27012"}],"wp:attachment":[{"href":"https:\/\/rainhadogesso.com.br\/catalogo\/wp-json\/wp\/v2\/media?parent=27011"}],"curies":[{"name":"wp","href":"https:\/\/api.w.org\/{rel}","templated":true}]}}