{"id":27021,"date":"2022-08-02T11:50:37","date_gmt":"2022-08-02T14:50:37","guid":{"rendered":"https:\/\/rainhadogesso.com.br\/catalogo\/?post_type=product&#038;p=27021"},"modified":"2022-11-11T10:42:27","modified_gmt":"2022-11-11T13:42:27","slug":"forro-ultima-tegular-e-vector","status":"publish","type":"product","link":"https:\/\/rainhadogesso.com.br\/catalogo\/shop\/forro-removivel\/forro-ultima-tegular-e-vector\/","title":{"rendered":"FORRO ULTIMA TEGULAR E VECTOR"},"content":{"rendered":"<div>O forro Ultima Tegular e Vector \u00e9 um forro com visual de textura muito fina e desempenho Total Acoustics alto (NRC e CAC), necess\u00e1rio para os espa\u00e7os flex\u00edveis de hoje em dia.<\/div>\n<div><\/div>\n<div>Possui uma garantia de 30 anos contra deforma\u00e7\u00f5es vis\u00edveis (HumiGuard Plus) e contra o crescimento de fungos, mofo e bact\u00e9rias (BioBlock Plus), quando usado com perfil de suspens\u00e3o Armstrong.<\/div>\n<div><\/div>\n<div>NRC: At\u00e9 1,00<\/div>\n<div>CAC: 35<\/div>\n<div>SRA :0,85<\/div>\n<div>Resist\u00eancia ao fogo: Classe A<\/div>\n<div>Reflet\u00e2ncia luminosa: 0,90<\/div>\n<div>Coeficiente T\u00e9rmico: K:0,048 w\/m\u00baC<\/div>\n<div>Sistema de suspens\u00e3o: T15\/T24<\/div>\n<div>Peso: 5,13 Kg\/m\u00b2<\/div>\n<div><\/div>\n<div>Indicado para audit\u00f3rios, call centers, salas de teleconfer\u00eancia, lobbies, home theaters, escrit\u00f3rios, bancos.<img loading=\"lazy\" class=\"alignnone size-full wp-image-27022\" src=\"https:\/\/rainhadogesso.com.br\/catalogo\/wp-content\/uploads\/2022\/08\/4.jpg\" alt=\"\" width=\"266\" height=\"197\" \/><img loading=\"lazy\" class=\"alignnone size-full wp-image-27023\" src=\"https:\/\/rainhadogesso.com.br\/catalogo\/wp-content\/uploads\/2022\/08\/5.jpg\" alt=\"\" width=\"700\" height=\"246\" srcset=\"https:\/\/rainhadogesso.com.br\/catalogo\/wp-content\/uploads\/2022\/08\/5.jpg 700w, https:\/\/rainhadogesso.com.br\/catalogo\/wp-content\/uploads\/2022\/08\/5-300x105.jpg 300w, https:\/\/rainhadogesso.com.br\/catalogo\/wp-content\/uploads\/2022\/08\/5-600x211.jpg 600w\" sizes=\"(max-width: 700px) 100vw, 700px\" \/><\/div>\n","protected":false},"excerpt":{"rendered":"<p>[vc_btn title=&#8221;Solicitar Or\u00e7amento&#8221; style=&#8221;3d&#8221; color=&#8221;info&#8221; size=&#8221;lg&#8221; link=&#8221;url:http%3A%2F%2Frainhadogesso.com.br%2Fcatalogo%2Fsolicitar-orcamento|||&#8221;]<\/p>\n","protected":false},"featured_media":27024,"comment_status":"open","ping_status":"closed","template":"","meta":[],"_links":{"self":[{"href":"https:\/\/rainhadogesso.com.br\/catalogo\/wp-json\/wp\/v2\/product\/27021"}],"collection":[{"href":"https:\/\/rainhadogesso.com.br\/catalogo\/wp-json\/wp\/v2\/product"}],"about":[{"href":"https:\/\/rainhadogesso.com.br\/catalogo\/wp-json\/wp\/v2\/types\/product"}],"replies":[{"embeddable":true,"href":"https:\/\/rainhadogesso.com.br\/catalogo\/wp-json\/wp\/v2\/comments?post=27021"}],"wp:featuredmedia":[{"embeddable":true,"href":"https:\/\/rainhadogesso.com.br\/catalogo\/wp-json\/wp\/v2\/media\/27024"}],"wp:attachment":[{"href":"https:\/\/rainhadogesso.com.br\/catalogo\/wp-json\/wp\/v2\/media?parent=27021"}],"curies":[{"name":"wp","href":"https:\/\/api.w.org\/{rel}","templated":true}]}}