{"id":27027,"date":"2022-08-02T11:55:03","date_gmt":"2022-08-02T14:55:03","guid":{"rendered":"https:\/\/rainhadogesso.com.br\/catalogo\/?post_type=product&#038;p=27027"},"modified":"2022-11-11T10:42:02","modified_gmt":"2022-11-11T13:42:02","slug":"forro-acustico-em-la-de-vidro-gedina","status":"publish","type":"product","link":"https:\/\/rainhadogesso.com.br\/catalogo\/shop\/forro-removivel\/forro-acustico-em-la-de-vidro-gedina\/","title":{"rendered":"FORRO AC\u00daSTICO EM L\u00c3 DE VIDRO GEDINA"},"content":{"rendered":"<div class=\"inner-page product\">\n<div class=\"product-details\">\n<div class=\"content\">\n<div class=\"column\">\n<p class=\"product-description\">Este cl\u00e1ssico confi\u00e1vel \u00e9 uma excelente escolha quando os requisitos funcionais s\u00e3o elevados e as possibilidades de design limitadas. Ecophon Gedina estabeleceu o padr\u00e3o e continuar\u00e1 a ser uma refer\u00eancia em forro ac\u00fastico.<\/p>\n<p>&#8211;<\/p>\n<h2>Ecophon Gedina\u2122 A TECH<\/h2>\n<p>Perfil aparente. Placas remov\u00edveis.<\/p>\n<p>Para aplica\u00e7\u00f5es onde um forro suspenso standard remov\u00edvel com performance t\u00e9cnica \u00e9 necess\u00e1rio. Ecophon Gedina\u2122 A \u00e9 apoiado em perfis aparentes.e suas placas s\u00e3o facilmente remov\u00edveis. Note que a instala\u00e7\u00e3o indicada no diagrama M118 contribui com uma maior capacidade de carga ativa comparada com o diagrama M237. . O sistema consiste em placas Ecophon Gedina\u2122 A e perfis Connect\u2122, com um peso aproximado de 2,5 kg\/m\u00b2. As placas s\u00e3o fabricadas em l\u00e3 de vidro de alta densidade. A superf\u00edcie aparente \u00e9 revestida com Akutex\u2122 T e o verso da placa recebe aplica\u00e7\u00e3o de v\u00e9u de vidro. Para melhor performance e qualidade do sistema utilize perfis e acess\u00f3rios Connect\u2122. Os perfis s\u00e3o fabricados em a\u00e7o galvanizado.<\/p>\n<p>&#8211;<\/p>\n<h2>Ecophon Gedina\u2122 E TECH<\/h2>\n<p>Borda tegular com perfil aparente. Placas remov\u00edveis.<\/p>\n<p>Para aplica\u00e7\u00f5es onde um forro suspenso standard remov\u00edvel com performance t\u00e9cnica \u00e9 necess\u00e1rio. Ecophon Gedina\u2122 E \u00e9 apoiado em perfil vis\u00edvel rebaixado e sua placa possui borda tegular, criando um forro com um efeito de sombra em cada placa. A superf\u00edcie aparente da placa est\u00e1 a 7mm rebaixada do perfil. Note que a instala\u00e7\u00e3o indicada no diagrama M121 contribui com uma maior capacidade de carga ativa comparada com o diagrama M270. . O sistema consiste em placas Ecophon Gedina\u2122 E e perfis Connect\u2122, com um peso aproximado de 2,5 kg\/m\u00b2. As placas s\u00e3o fabricadas em l\u00e3 de vidro de alta densidade. A superf\u00edcie aparente \u00e9 revestida com Akutex\u2122 T e o verso da placa recebe aplica\u00e7\u00e3o de v\u00e9u de vidro. Para melhor performance e qualidade do sistema utilize perfis e acess\u00f3rios Connect\u2122. Os perfis s\u00e3o fabricados em a\u00e7o galvanizado.<\/p>\n<\/div>\n<\/div>\n<\/div>\n<\/div>\n<div class=\"act-popup-rd-overlay closed\"><\/div>\n<footer>\n<div class=\"content\">\n<div class=\"column\"><\/div>\n<\/div>\n<\/footer>\n","protected":false},"excerpt":{"rendered":"<p>[vc_btn title=&#8221;Solicitar Or\u00e7amento&#8221; style=&#8221;3d&#8221; color=&#8221;info&#8221; size=&#8221;lg&#8221; link=&#8221;url:http%3A%2F%2Frainhadogesso.com.br%2Fcatalogo%2Fsolicitar-orcamento|||&#8221;]<\/p>\n","protected":false},"featured_media":27028,"comment_status":"open","ping_status":"closed","template":"","meta":[],"_links":{"self":[{"href":"https:\/\/rainhadogesso.com.br\/catalogo\/wp-json\/wp\/v2\/product\/27027"}],"collection":[{"href":"https:\/\/rainhadogesso.com.br\/catalogo\/wp-json\/wp\/v2\/product"}],"about":[{"href":"https:\/\/rainhadogesso.com.br\/catalogo\/wp-json\/wp\/v2\/types\/product"}],"replies":[{"embeddable":true,"href":"https:\/\/rainhadogesso.com.br\/catalogo\/wp-json\/wp\/v2\/comments?post=27027"}],"wp:featuredmedia":[{"embeddable":true,"href":"https:\/\/rainhadogesso.com.br\/catalogo\/wp-json\/wp\/v2\/media\/27028"}],"wp:attachment":[{"href":"https:\/\/rainhadogesso.com.br\/catalogo\/wp-json\/wp\/v2\/media?parent=27027"}],"curies":[{"name":"wp","href":"https:\/\/api.w.org\/{rel}","templated":true}]}}