{"id":27031,"date":"2022-08-02T11:58:53","date_gmt":"2022-08-02T14:58:53","guid":{"rendered":"https:\/\/rainhadogesso.com.br\/catalogo\/?post_type=product&#038;p=27031"},"modified":"2022-11-11T10:41:35","modified_gmt":"2022-11-11T13:41:35","slug":"focus","status":"publish","type":"product","link":"https:\/\/rainhadogesso.com.br\/catalogo\/shop\/forro-removivel\/focus\/","title":{"rendered":"FOCUS"},"content":{"rendered":"<div class=\"inner-page product\">\n<div class=\"product-details\">\n<div class=\"content\">\n<div class=\"column\">\n<p class=\"product-description\">A fam\u00edlia de sistemas mais abrangente, Ecophon Focus sempre oferecer\u00e1 uma variedade de oportunidades atrav\u00e9s de diferentes designs de bordas, formas, n\u00edveis e op\u00e7\u00f5es de instala\u00e7\u00e3o, permitindo que ele seja usado na maioria das \u00e1reas de aplica\u00e7\u00e3o.<\/p>\n<p>&#8211;<\/p>\n<h2>Ecophon Focus\u2122 A TECH<\/h2>\n<p class=\"product-description\">Perfil aparente. Placas remov\u00edveis.<\/p>\n<p>Para aplica\u00e7\u00f5es onde \u00e9 necess\u00e1rio um sistema de forro suspenso robusto. O Ecophon Focus\u2122 A possui um sistema de perfis aparentes. Cada placa \u00e9 facilmente remov\u00edvel. . O sistema consiste em placas Ecophon Focus\u2122 A e perfis Connect\u2122, com um peso aproximado de 3 kg\/m\u00b2. As placas s\u00e3o fabricadas em l\u00e3 de vidro de alta densidade. A superf\u00edcie aparente \u00e9 revestida com Akutex\u2122 FT e o verso da placa recebe aplica\u00e7\u00e3o de v\u00e9u de vidro. As bordas s\u00e3o pintadas. Os perfis s\u00e3o fabricados em a\u00e7o galvanizado.<\/p>\n<p>&#8211;<\/p>\n<h2>Ecophon Focus\u2122 Ds TECH<\/h2>\n<p class=\"product-description\">Perfil oculto. Placas desmont\u00e1veis com bordas sim\u00e9tricas.<\/p>\n<p>Para aplica\u00e7\u00e3o em \u00e1reas onde um forro suspenso com perfil oculto \u00e9 necess\u00e1rio, por\u00e9m as placas devem ser facilmente desmont\u00e1veis individualmente. Ecophon Focus\u2122 Ds possui um perfil oculto e borda sim\u00e9trica, permitindo f\u00e1cil montagem, integra\u00e7\u00e3o com lumin\u00e1rias e sistemas de ventila\u00e7\u00e3o. O forro possui uma apar\u00eancia monol\u00edtica, com bordas bisotadas formando uma linha discreta entre as placas, que s\u00e3o facilmente desmontadas. . O sistema consiste em placas Ecophon Focus\u2122 Ds e perfis Connect\u2122 , com um peso aproximado de 3 a 4kgm\u00b2. As placas s\u00e3o fabricadas em l\u00e3 de vidro de alta densidade. A superf\u00edcie aparente \u00e9 revestida com Akutex\u2122 FT e o verso da placa recebe aplica\u00e7\u00e3o de v\u00e9u de vidro. As bordas s\u00e3o pintadas. Para melhor performance e qualidade do sistema utilize perfis e acess\u00f3rios Connect\u2122 . Os perfis s\u00e3o fabricados em a\u00e7o galvanizado.O sistema \u00e9 patenteado.<\/p>\n<p>&#8211;<\/p>\n<h3>Ecophon Focus\u2122 Dg TECH<\/h3>\n<p class=\"product-description\">Design de borda \u00fanico. Apar\u00eancia flutuante. Placas desmont\u00e1veis.<\/p>\n<p>Para aplica\u00e7\u00f5es onde um forro suspenso desmont\u00e1vel \u00fanico, \u00e9 necess\u00e1rio. O desenho da borda esconde o perfil e os apoios da borda, criando uma diferente apar\u00eancia de forro flutuante.O sistema de suspens\u00e3o est\u00e1 a aproximadamente 14mm acima da superf\u00edcie aparente da placa, o que d\u00e1 a impress\u00e3o de que cada placa est\u00e1 suspensa individualmente. As placas s\u00e3o facilmente desmont\u00e1veis mesmo em \u00e1reas onde a dist\u00e2ncia do plenum \u00e9 pequena. . O sistema consiste em placas Ecophon Focus\u2122 Dg e perfis Connect\u2122, com um peso aproximado de 3 a 4 kg\/m\u00b2. As placas s\u00e3o fabricadas em l\u00e3 de vidro de alta densidade. A superf\u00edcie aparente\u00e9 revestida com Akutex\u2122 FT e o verso da placa recebe aplica\u00e7\u00e3o de v\u00e9u de vidro. As bordas s\u00e3o pintadas. Para melhor performance e qualidade do sistema utilize perfis e acess\u00f3rios Connect\u2122. Os perfis s\u00e3o fabricados em a\u00e7o galvanizado.<\/p>\n<p>&#8211;<\/p>\n<h3>Ecophon Focus\u2122 D\/A TECH<\/h3>\n<p class=\"product-description\">Pain\u00e9is para bandraster e corredores com perfis ocultos. Placas facilmente desmont\u00e1veis.<\/p>\n<p>Especialmente desenvolvido para solu\u00e7\u00f5es de corredores e bandraster onde s\u00e3o necess\u00e1rios pain\u00e9is longos. O Ecophon Focus \u00e9 um produto conhecido por atender \u00e0s mais rigorosas exig\u00eancias funcionais e est\u00e9ticas. Os pain\u00e9is t\u00eam uma borda D nos lados longos e borda A nos lados curtos. Cada painel \u00e9 individualmente desmont\u00e1vel. O peso do painel \u00e9 de aproximadamente 2 kg \/ m\u00b2. As placas s\u00e3o fabricadas a partir de l\u00e3 de vidro de alta densidade. O lado vis\u00edvel possui superf\u00edcie Akutex \u2122 FT e a parte de tr\u00e1s da placa recebe um v\u00e9u de vidro. Foco D \/ A para Bandraster \u00e9 entregue com bordas pintadas.<\/p>\n<p>&#8211;<\/p>\n<h3>Ecophon Focus\u2122 E TECH<\/h3>\n<p class=\"product-description\">Borda tegular com perfil aparente. Placas remov\u00edveis.<\/p>\n<p>Para aplica\u00e7\u00e3o em \u00e1reas onde um atraente forro suspenso \u00e9 necess\u00e1rio e a remo\u00e7\u00e3o individual das placas \u00e9 essencial. Ecophon Focus\u2122 E possui um perfil vis\u00edvel rebaixado e uma borda tegular, criando um forro com um efeito de sombra acentuado em cada placa e atenuando a visibilidade do perfil. A superf\u00edcie aparente da placa est\u00e1 a 10mm rebaixada do perfil. Cada placa \u00e9 facilmente desmont\u00e1vel. . O sistema consiste em placas Ecophon Focus\u2122 E e perfis Connect\u2122, com um peso aproximado de 3 kg\/m\u00b2. As placas s\u00e3o fabricadas em l\u00e3 de vidro de alta densidade. A superf\u00edcie aparente \u00e9 revestida com Akutex\u2122 FT e o verso da placa recebe aplica\u00e7\u00e3o de v\u00e9u de vidro. As bordas s\u00e3o pintadas. Para melhor performance e qualidade do sistema utilize perfis e acess\u00f3rios Connect\u2122. Os perfis s\u00e3o fabricados em a\u00e7o galvanizado.<\/p>\n<p>&#8211;<\/p>\n<h3>Ecophon Focus\u2122 Ez TECH<\/h3>\n<p class=\"product-description\">Novo design para forros com perfis rebaixados. Facilmente desmont\u00e1veis.<\/p>\n<p>Focus Ez com um novo recurso de design, para criar uma apar\u00eancia moderna e diferente no forro, onde as demandas s\u00e3o a boa ac\u00fastica e a inteligibilidade de fala. Ecophon Focus Ez possui um desenho de borda diagonal apoiado em perfil rebaixado, criando um novo design para o forro. As placas t\u00eam 40mm de espessura e s\u00e3o facilmente desmont\u00e1veis. O sistema com perfis Ecophon Connect pesa aproximadamente 5 kg\/m\u00b2. As placas s\u00e3o fabricadas em l\u00e3 de vidro de alta densidade. A face aparente recebe um acabamento pintado com Akutex FT e o verso \u00e9 revestido com v\u00e9u de vidro. As bordas s\u00e3o pintadas. Para melhor performance e qualidade do sistema, use perfis e acess\u00f3rios Ecophon Connect. O perfil \u00e9 fabricado em a\u00e7o galvanizado.<\/p>\n<p>&#8211;<\/p>\n<h3>Ecophon Focus\u2122 F TECH<\/h3>\n<p class=\"product-description\">Para fixa\u00e7\u00e3o direta com parafusos.<\/p>\n<p>Para aplica\u00e7\u00e3o em \u00e1reas que requerem um forro suspenso fixado mecanicamente em uma estrutura de teto existente. Ecophon Focus\u2122 F \u00e9 facilmente instalado sobre lajes ou forro existente em gesso, criando um forro com apar\u00eancia monol\u00edtica e excelente performance ac\u00fastica. As bordas bisotadas formam uma linha discreta entre as placas, que n\u00e3o s\u00e3o desmont\u00e1veis. . As placas s\u00e3o fabricadas em l\u00e3 de vidro de alta densidade. A superf\u00edcie aparente \u00e9 revestida com Akutex\u2122 FT e o verso da placa recebe aplica\u00e7\u00e3o de v\u00e9u de vidro. As bordas s\u00e3o refor\u00e7adas e pintadas.O peso \u00e9 aproximadamente 2,5 kgm\u00b2. . A Ecophon recomenda parafusos Connect\u2122 para uma instala\u00e7ao mais r\u00e1pida e segura.<\/p>\n<p>&#8211; Ecophon Focus\u2122 Lp TECH<br \/>\nPerfil semi-oculto utilizado para refor\u00e7ar a dire\u00e7\u00e3o em uma sala.<\/p>\n<p>Ecophon Focus\u2122 Lp possui um sistema de perfis semi-oculto e \u00e9 usado para destacar a dire\u00e7\u00e3o em uma sala. H\u00e1 um canal entre as placas que enfatiza a dire\u00e7\u00e3o em um sentido e uma junta seca no outro. As bordas s\u00e3o acentuadas e bem definidas. O sistema consiste em placas padr\u00e3o Focus\u2122 Lp com 600 ou 300mm de largura e com placas t\u00e9cnicas Focus\u2122 Lp Technical em larguras de 150, 300 ou 600mm. . As placas s\u00e3o fabricadas com l\u00e3 de vidro de alta densidade. A superf\u00edcie aparente \u00e9 revestida com Akutex\u2122 FT e o verso da placa \u00e9 revestido com v\u00e9u de vidro. As bordas s\u00e3o pintadas. As placas t\u00e9cnicas s\u00e3o usadas para criar \u00e1reas de instala\u00e7\u00e3o para lumin\u00e1rias, ventila\u00e7\u00e3o, sprinklers, detectores de fuma\u00e7a, alto-falantes, etc. A exata largura (148, 298 ou 598mm) \u00e9 adotada para receber o tamanho padr\u00e3o das lumin\u00e1rias de mercado. . As placas e os perfis Connect\u2122 conferem ao sistema um peso aproximado de 3 -4 kg\/m\u00b2. Os perfis s\u00e3o fabricados em a\u00e7o galvanizado. Para melhor performance utilize o sistema de perfis e acess\u00f3rios Connect\u2122.<\/p>\n<p>&#8211; Ecophon Focus\u2122 SQ TECH<br \/>\nPara fixa\u00e7\u00e3o direta com adesivo.<\/p>\n<p>Para aplica\u00e7\u00f5es onde a menor dist\u00e2ncia poss\u00edvel de instala\u00e7\u00e3o do sistema, \u00e9 necess\u00e1ria. As placas s\u00e3o coladas diretamente no anteparo. As placas de Ecophon Focus\u2122 SQ s\u00e3o instaladas com um pequeno espa\u00e7amento entre elas, criando um forro com uma apar\u00eancia uniforme. As placas n\u00e3o s\u00e3o desmont\u00e1veis. As placas s\u00e3o fabricadas em l\u00e3 de vidro de alta densidade. A superf\u00edcie aparente \u00e9 revestida com Akutex\u2122 FT e o verso da placa recebe aplica\u00e7\u00e3o de v\u00e9u de vidro. As bordas s\u00e3o pintadas. O peso \u00e9 aproximadamente 2,5 kg\/m\u00b2. Ecophon recomenda o adesivo Connect\u2122 Absorber Glue para uma instala\u00e7\u00e3o mais r\u00e1pida e f\u00e1cil.<\/p>\n<p>&#8211; Ecophon Focus\u2122 Flexiform A TECH<br \/>\nPain\u00e9is flex\u00edveis curvados no local<\/p>\n<p>O painel Ecophon Flexiform A \u00e9 entregue plano e \u00e9 conformado no local no formato c\u00f4ncavo ou convexo (raio m\u00ednimo: 200mm e raio m\u00e1ximo: 10m) por meio de perfis especiais. \u00c9 ideal para criar superf\u00edcies com curvaturas especiais ou se as dimens\u00f5es das instala\u00e7\u00f5es acima do forro suspenso n\u00e3o podem ser acomodadas usando elementos de forros padr\u00e3o. Os pain\u00e9is n\u00e3o s\u00e3o desmont\u00e1veis. O sistema consiste em pain\u00e9is Ecophon Focus\u2122 Flexiform A panels e perfis Connect\u2122 . O peso \u00e9 aproximadamente 3kg\/m\u00b2, dependendo do m\u00e9todo de instala\u00e7\u00e3o. As placas s\u00e3o fabricadas a partir de pain\u00e9is em l\u00e3 de vidro de alta densidade, os quais permitem que o produto seja moldado na forma desejada. A superf\u00edcie aparente possui uma pintura Akutex\u2122 FT e o verso recebe um v\u00e9u de vidro. Para melhor performance e qualidade do sistema use perfis e acess\u00f3rios Connect\u2122. Os perfis curvos s\u00e3o feitos de alum\u00ednio.<\/p>\n<p>&#8211; Ecophon Focus\u2122 Fixiform E TECH<br \/>\nPlacas planas com borda tegular e dobr\u00e1veis a 90\u00b0 para mudan\u00e7a de n\u00edvel.<\/p>\n<p>Ecophon Focus\u2122 Fixiform E \u00e9 utilizado para criar transi\u00e7\u00f5es entre diferentes n\u00edveis no forro, al\u00e9m de acomodar instala\u00e7\u00f5es de servi\u00e7os ou encobrir elementos estruturais no ambiente. As placas s\u00e3o entregues planas e s\u00e3o dobradas a 90\u00b0 no local da obra, antes da instala\u00e7\u00e3o. H\u00e1 um sulco de 8mm que facilita e refor\u00e7a a dobra dos pain\u00e9is. As diferen\u00e7as de n\u00edvel podem ser ajustadas entre 150 e 530mm para placas standard e at\u00e9 1930mm quando utilizado o sistema XL. As placas Fixiform n\u00e3o s\u00e3o desmont\u00e1veis. O sistema consiste em placas Fixiform e acessorios, como cantos internos e externos para as placas standard.. As placas s\u00e3o fabricadas em l\u00e3 de vidro de alta densidade. A superf\u00edcie aparente \u00e9 revestida com Akutex\u2122 FT. As bordas s\u00e3o pintadas. Para melhores resultados e qualidade do sistema, utilize perfis e acessorios Connect\u2122 .<\/p>\n<p>&#8211; Ecophon Focus\u2122 Fixiform Ds TECH<br \/>\nPlacas planas com perfil oculto e dobr\u00e1veis a 90\u00b0 para mudan\u00e7a de n\u00edvel.<\/p>\n<p>Ecophon Focus Fixiform Ds \u00e9 utilizado para criar transi\u00e7\u00f5es entre diferentes n\u00edveis no forro, al\u00e9m de acomodar instala\u00e7\u00f5es de servi\u00e7os ou encobrir elementos estruturais no ambiente. As placas s\u00e3o entregues planas e s\u00e3o dobradas a 90\u00b0 no local da obra, antes da instala\u00e7\u00e3o. H\u00e1 um sulco de 8mm que facilita e refor\u00e7a a dobra dos pain\u00e9is. As diferen\u00e7as de n\u00edvel podem ser ajustadas entre 150 e 530mm para placas standard e at\u00e9 1930mm quando utilizado o sistema XL. As placas Fixiform n\u00e3o s\u00e3o desmont\u00e1veis. O sistema consiste em placas Fixiform e acessorios, como cantos internos e externos para as placas standard.. As placas s\u00e3o fabricadas em l\u00e3 de vidro de alta densidade. A superf\u00edcie aparente \u00e9 revestida com Akutex\u2122 FT. As bordas s\u00e3o pintadas. Para melhores resultados e qualidade do sistema, utilize perfis e acessorios Connect .<\/p>\n<p>&#8211; Ecophon Focus\u2122 Frieze TECH<br \/>\nProporciona uma transi\u00e7\u00e3o sutil entre o forro e a parede.<\/p>\n<p>Para aplica\u00e7\u00f5es onde uma transi\u00e7\u00e3o suave e cont\u00ednua entre o forro e a parede se faz necess\u00e1ria.Ecophon Focus\u2122 Frieze pode ser conectado a parede sem nenhum perfil vis\u00edvel.As placas n\u00e3o s\u00e3o desmont\u00e1veis. O sistema consiste em placas de Focus\u2122 Frieze e perfis Connect\u2122, com um peso aproximado de 3kg\/m\u00b2. As placas s\u00e3o manufaturadas a partir de l\u00e3 de vidro de alta densidade. A superf\u00edcie vis\u00edvel \u00e9 revestida com Akutex\u2122 FT e o verso da placa recebe aplica\u00e7\u00e3o de v\u00e9u de vidro. As bordas s\u00e3o pintadas. Para melhor performance e qualidade do sistema, utilize os perfis e acess\u00f3rios Connect\u2122. Os perfis s\u00e3o fabricados em a\u00e7o galvanizado.<\/p>\n<p>&#8211; Ecophon Focus Edge\u2122 500 TECH<br \/>\nSlight vertical sloped moulding for free hanging units.<\/p>\n<p>Ecophon Focus Edge\u2122 500 is a system used as free-hanging unit(s) in applications where the installation of a wall-to-wall ceiling is not possible or desired, but still good sound absorption is needed. Such applications are, for example, over a certain area in a larger room or in case of concrete cooling or ventilation systems that do not allow full coverage of the ceiling. The system consists of Connect Edge\u2122 500 Profile, Connect Edge\u2122 500 Corner and additional Connect\u2122 accessories, which together form a well designed perimeter trim. The profile is manufactured from extruded aluminium, while the corners are cast zinc. Both have a white 500, structured powder coating to match the Akutex\u2122 FT White Frost surface of the tiles. The Edge\u2122 profiles and Corners can be installed with Ecophon Focus\u2122 Ds, Dg and E systems in rectangles with modular dimensions. Ecophon Edge\u2122 500 has a design registration (Registered Community Design)<\/p>\n<p>&#8211; Ecophon Focus\u2122 Wing TECH<br \/>\nElementos com formato de asa para acabamento em forros suspensos.<\/p>\n<p>Ecophon Focus\u2122 Wing \u00e9 instalado como per\u00edmetro de um forro flutuante, usado em conjunto com Ecophon Focus\u2122 Ds ou E. \u00c9 um sistema de absorvedores em formato de asa para ilhas suspensas de forros. O sistema consiste em elementos de Focus\u2122 Wing e perfis Connect\u2122, com um peso aproximado de 1 kg\/ml. Os elementos s\u00e3o manufaturados a partir de l\u00e3 de vidro de alta densidade e sua superf\u00edcie \u00e9 revestida com Akutex\u2122 FT. As bordas s\u00e3o pintadas. Para melhor performance, utilize os sistemas de perfis Connect\u2122. O sistema \u00e9 patenteado na Su\u00e9cia.<\/p>\n<p>&#8211; Ecophon Focus\u2122 Ds level change TECH<br \/>\nPerfil oculto. Placas desmont\u00e1veis com bordas sim\u00e9tricas.<\/p>\n<p>Para aplica\u00e7\u00e3o em \u00e1reas onde um forro suspenso com perfil oculto \u00e9 necess\u00e1rio, por\u00e9m as placas devem ser facilmente desmont\u00e1veis individualmente. Ecophon Focus\u2122 Ds possui um perfil oculto e borda sim\u00e9trica, permitindo f\u00e1cil montagem, integra\u00e7\u00e3o com lumin\u00e1rias e sistemas de ventila\u00e7\u00e3o. O forro possui uma apar\u00eancia monol\u00edtica, com bordas bisotadas formando uma linha discreta entre as placas, que s\u00e3o facilmente desmontadas. . O sistema consiste em placas Ecophon Focus\u2122 Ds e perfis Connect\u2122 , com um peso aproximado de 3 a 4kgm\u00b2. As placas s\u00e3o fabricadas em l\u00e3 de vidro de alta densidade. A superf\u00edcie aparente \u00e9 revestida com Akutex\u2122 FT e o verso da placa recebe aplica\u00e7\u00e3o de v\u00e9u de vidro. As bordas s\u00e3o pintadas. Para melhor performance e qualidade do sistema utilize perfis e acess\u00f3rios Connect\u2122 . Os perfis s\u00e3o fabricados em a\u00e7o galvanizado.O sistema \u00e9 patenteado.<\/p>\n<\/div>\n<\/div>\n<\/div>\n<\/div>\n","protected":false},"excerpt":{"rendered":"<p>[vc_btn title=&#8221;Solicitar Or\u00e7amento&#8221; style=&#8221;3d&#8221; color=&#8221;info&#8221; size=&#8221;lg&#8221; link=&#8221;url:http%3A%2F%2Frainhadogesso.com.br%2Fcatalogo%2Fsolicitar-orcamento|||&#8221;]<\/p>\n","protected":false},"featured_media":27032,"comment_status":"open","ping_status":"closed","template":"","meta":[],"_links":{"self":[{"href":"https:\/\/rainhadogesso.com.br\/catalogo\/wp-json\/wp\/v2\/product\/27031"}],"collection":[{"href":"https:\/\/rainhadogesso.com.br\/catalogo\/wp-json\/wp\/v2\/product"}],"about":[{"href":"https:\/\/rainhadogesso.com.br\/catalogo\/wp-json\/wp\/v2\/types\/product"}],"replies":[{"embeddable":true,"href":"https:\/\/rainhadogesso.com.br\/catalogo\/wp-json\/wp\/v2\/comments?post=27031"}],"wp:featuredmedia":[{"embeddable":true,"href":"https:\/\/rainhadogesso.com.br\/catalogo\/wp-json\/wp\/v2\/media\/27032"}],"wp:attachment":[{"href":"https:\/\/rainhadogesso.com.br\/catalogo\/wp-json\/wp\/v2\/media?parent=27031"}],"curies":[{"name":"wp","href":"https:\/\/api.w.org\/{rel}","templated":true}]}}